
3, 257069
What are the prime factors of 2544530143?
151, 16851193
List the prime factors of 159443387.
159443387
What are the prime factors of 19594470?
2, 3, 5, 7, 93307
What are the prime factors of 2339598697?
61, 38354077
What are the prime factors of 1165615195?
5, 1951, 119489
What are the prime factors of 100006582?
2, 13, 113, 34039
What are the prime factors of 564325689?
3, 188108563
List the prime factors of 4852558408.
2, 8353, 72617
What are the prime factors of 129020843?
7, 18431549
List the prime factors of 1433316556.
2, 7, 181, 277, 1021
List the prime factors of 1012830960.
2, 3, 5, 67, 62987
List the prime factors of 328702843.
7, 46957549
What are the prime factors of 48098931?
3, 53, 229, 1321
List the prime factors of 618328066.
2, 71, 4354423
List the prime factors of 615870883.
17, 19, 29, 37, 1777
What are the prime factors of 16014317?
11, 1455847
What are the prime factors of 926839883?
926839883
List the prime factors of 1456070550.
2, 3, 5, 11, 457, 1931
List the prime factors of 20865211.
19, 127, 8647
List the prime factors of 5073851614.
2, 13, 195148139
List the prime factors of 3758434484.
2, 7, 134229803
What are the prime factors of 7848616641?
3, 3923, 666889
List the prime factors of 2858635390.
2, 5, 13, 21989503
List the prime factors of 130150816.
2, 4067213
List the prime factors of 1961919469.
1961919469
What are the prime factors of 4428541398?
2, 3, 3041, 242713
List the prime factors of 1742784246.
2, 3, 7, 13831621
List the prime factors of 543455153.
543455153
List the prime factors of 2817800123.
541, 877, 5939
What are the prime factors of 55627778?
2, 127, 389, 563
List the prime factors of 850061123.
233, 1163, 3137
List the prime factors of 124583639.
124583639
What are the prime factors of 227129588?
2, 7, 17, 477163
What are the prime factors of 966219233?
7, 138031319
List the prime factors of 2034397708.
2, 7, 3083, 23567
What are the prime factors of 14637827?
613, 23879
List the prime factors of 57545080.
2, 5, 23, 62549
What are the prime factors of 47551038?
2, 3, 7925173
List the prime factors of 49409908.
2, 31, 398467
List the prime factors of 178778489.
107, 1670827
List the prime factors of 420478468.
2, 53, 1983389
What are the prime factors of 1461478646?
2, 929, 786587
What are the prime factors of 6117213871?
6117213871
What are the prime factors of 4238590974?
2, 3, 706431829
List the prime factors of 1291850033.
19, 181, 375647
List the prime factors of 55327034.
2, 7, 71, 55661
List the prime factors of 2891536794.
2, 3, 53, 941, 3221
What are the prime factors of 12451019?
7, 167, 10651
What are the prime factors of 231071613?
3, 31, 41, 60601
List the prime factors of 241287583.
41, 1151, 5113
List the prime factors of 340064212.
2, 7043, 12071
What are the prime factors of 521602879?
7, 74514697
What are the prime factors of 272924251?
272924251
List the prime factors of 251243583.
3, 109, 768329
List the prime factors of 130319476.
2, 7, 37, 125791
List the prime factors of 27296210.
2, 5, 83, 32887
What are the prime factors of 1549828?
2, 7, 55351
What are the prime factors of 1649792379?
3, 31, 17739703
What are the prime factors of 71758090?
2, 5, 271, 26479
What are the prime factors of 1396861990?
2, 5, 23, 197, 30829
What are the prime factors of 1751878552?
2, 593, 369283
List the prime factors of 261848332.
2, 65462083
What are the prime factors of 828302678?
2, 7, 59164477
What are the prime factors of 54835911?
3, 13, 468683
What are the prime factors of 5090307625?
5, 13, 197, 15901
What are the prime factors of 6529842841?
19, 1151, 298589
What are the prime factors of 321304917?
3, 23, 271, 17183
List the prime factors of 1367279196.
2, 3, 17, 73, 91813
What are the prime factors of 335248701?
3, 1741, 64187
What are the prime factors of 4055300124?
2, 3, 337941677
List the prime factors of 231126541.
59, 73, 103, 521
List the prime factors of 96093260.
2, 5, 19, 252877
What are the prime factors of 1486543169?
12703, 117023
What are the prime factors of 1081716777?
3, 120190753
List the prime factors of 5022129702.
2, 3, 43, 761, 25579
List the prime factors of 1133299.
53, 21383
List the prime factors of 15055933.
47, 320339
List the prime factors of 50818080.
2, 3, 5, 105871
What are the prime factors of 64109413?
1297, 49429
What are the prime factors of 10687640?
2, 5, 23, 11617
What are the prime factors of 3947733625?
5, 11, 17, 168887
What are the prime factors of 226230009?
3, 43, 79, 281
What are the prime factors of 592832609?
592832609
List the prime factors of 1775615500.
2, 5, 73, 48647
List the prime factors of 3329843282.
2, 193, 1091, 7907
What are the prime factors of 104476835?
5, 61, 342547
List the prime factors of 231665621.
11, 37, 41, 13883
List the prime factors of 84538348.
2, 17, 1243211
List the prime factors of 282073260.
2, 3, 5, 7, 671603
What are the prime factors of 4949568805?
5, 989913761
List the prime factors of 175408473.
3, 58469491
List the prime factors of 121636246.
2, 1571, 38713
What are the prime factors of 288573021?
3, 11, 193, 1373
List the prime factors of 104064345.
3, 5, 7, 11, 47, 71
What are the prime factors of 1132758807?
3, 17, 22210957
List the prime factors of 700261248.
2, 3, 373, 4889
List the prime factors of 70188170.
2, 5, 13, 59, 9151
What are the prime factors of 249194815?
5, 37, 1346999
What are the prime factors of 106053292?
2, 26513323
List the prime factors of 500011268.
2, 3863, 32359
List the prime factors of 1135680510.
2, 3, 5, 113, 335009
List the prime factors of 385424382.
2, 3, 7, 9176771
What are the prime factors of 1793221594?
2, 896610797
List the prime factors of 4578607222.
2, 7, 229, 1428137
What are the prime factors of 319139541?
3, 7, 37, 47, 971
What are the prime factors of 2854668?
2, 3, 23, 10343
List the prime factors of 218711843.
7, 571, 7817
List the prime factors of 2001770041.
37, 54101893
What are the prime factors of 44380022?
2, 97, 103, 2221
List the prime factors of 1189335423.
3, 47, 53, 167, 953
What are the prime factors of 88860945?
3, 5, 5924063
List the prime factors of 921125949.
3, 83, 3699301
List the prime factors of 1316499077.
2473, 532349
What are the prime factors of 107598827?
7, 15371261
List the prime factors of 1353176533.
1353176533
List the prime factors of 488332868.
2, 122083217
What are the prime factors of 2341344324?
2, 3, 11, 43, 53, 181
What are the prime factors of 24456608?
2, 11, 17, 61, 67
List the prime factors of 104530922.
2, 163, 320647
List the prime factors of 1122412162.
2, 71, 7904311
What are the prime factors of 1674280259?
79, 179, 118399
What are the prime factors of 231495648?
2, 3, 2411413
What are the prime factors of 213835983?
3, 233, 305917
What are the prime factors of 57520481?
57520481
List the prime factors of 1097785509.
3, 347, 1054549
List the prime factors of 2208268.
2, 89, 6203
What are the prime factors of 43108284?
2, 3, 163, 22039
What are the prime factors of 1334854881?
3, 59, 167, 15053
List the prime factors of 7648156058.
2, 79, 107, 452393
List the prime factors of 4271052486.
2, 3, 43, 443, 37369
What are the prime factors of 12977171?
17, 19, 40177
List the prime factors of 292762.
2, 146381
What are the prime factors of 1604653775?
5, 31, 66791
What are the prime factors of 538442655?
3, 5, 1193, 30089
What are the prime factors of 63520874?
2, 17, 1868261
What are the prime factors of 49697247?
3, 31, 251, 2129
List the prime factors of 2870599207.
7, 173, 271, 8747
What are the prime factors of 59419612?
2, 7, 19, 61, 1831
What are the prime factors of 111124222?
2, 11, 151, 3041
List the prime factors of 654041184.
2, 3, 41, 166169
List the prime factors of 53097524.
2, 23, 577147
What are the prime factors of 948880448?
2, 14826257
List the prime factors of 159213667.
433, 367699
List the prime factors of 81171368.
2, 811, 12511
What are the prime factors of 181874107?
1093, 166399
What are the prime factors of 47312345?
5, 2851, 3319
What are the prime factors of 3825669929?
3825669929
What are the prime factors of 54977928?
2, 3, 2290747
List the prime factors of 1370443812.
2, 3, 61, 139, 13469
List the prime factors of 527323378.
2, 19, 13876931
List the prime factors